 the highest common divisor of 420 and 17493615.
15
What is the highest common divisor of 51243456 and 56?
8
Calculate the greatest common divisor of 160536204 and 36.
36
What is the highest common divisor of 463 and 102878600?
463
What is the greatest common factor of 225529338 and 1048?
262
What is the highest common factor of 618955 and 635?
5
Calculate the greatest common factor of 630 and 77409654.
42
What is the greatest common divisor of 15345546 and 670?
134
Calculate the highest common divisor of 8986824 and 18216.
792
What is the highest common factor of 556 and 427592078?
278
Calculate the highest common divisor of 8110736 and 653744.
7184
What is the greatest common divisor of 995238 and 222?
6
Calculate the greatest common divisor of 1703 and 1898059.
131
What is the greatest common factor of 56652410 and 5620?
2810
What is the greatest common factor of 3649158 and 342?
18
What is the greatest common factor of 26922 and 222166?
14
Calculate the greatest common factor of 17386793 and 5169.
1723
What is the highest common factor of 243601645 and 35?
35
Calculate the greatest common factor of 61160 and 1642146.
3058
What is the greatest common factor of 10311 and 83336939?
3437
What is the greatest common divisor of 217046291 and 2926?
1463
Calculate the highest common factor of 2017120 and 455.
35
Calculate the greatest common divisor of 311168 and 46280.
104
What is the highest common factor of 1301290805 and 211?
211
Calculate the greatest common factor of 13211504 and 1.
1
Calculate the greatest common divisor of 4710499 and 3914.
1957
What is the highest common factor of 9232882 and 1293?
431
Calculate the greatest common divisor of 1071 and 1650789.
63
What is the highest common factor of 648 and 3088776?
24
Calculate the highest common factor of 17160 and 3212220.
660
Calculate the highest common factor of 436988 and 139849.
107
Calculate the highest common divisor of 21900 and 341700.
300
Calculate the greatest common divisor of 12082 and 84.
14
What is the greatest common divisor of 3462 and 1240866?
6
What is the highest common divisor of 1752 and 43778100?
876
What is the highest common divisor of 72 and 18167976?
72
What is the highest common divisor of 970186 and 5902582?
7406
Calculate the greatest common divisor of 242443 and 2231.
23
What is the highest common divisor of 3051 and 20515941?
1017
What is the highest common divisor of 473814 and 5247?
99
What is the highest common divisor of 1696023 and 918?
9
What is the highest common factor of 20524 and 15883?
7
What is the greatest common factor of 168198 and 329562?
102
What is the greatest common factor of 228165 and 3885?
105
What is the highest common divisor of 4885296 and 468?
156
Calculate the greatest common divisor of 2407220 and 3552.
148
Calculate the greatest common factor of 105918 and 683880.
834
Calculate the highest common factor of 76199849 and 2332.
583
Calculate the highest common factor of 22673 and 6913256.
287
Calculate the greatest common divisor of 114333508 and 212.
212
Calculate the greatest common divisor of 20 and 3066460.
20
What is the greatest common factor of 237958175 and 2275?
2275
Calculate the greatest common factor of 84457614 and 606.
606
Calculate the highest common factor of 4535 and 1052918160.
4535
Calculate the highest common divisor of 553 and 1145487.
7
Calculate the greatest common divisor of 489 and 4229772.
3
Calculate the greatest common factor of 213948 and 107772.
84
Calculate the highest common factor of 6656 and 123851.
13
What is the highest common factor of 196 and 1231573?
7
What is the greatest common factor of 4252288 and 10994?
478
What is the highest common factor of 75646 and 678038?
694
What is the greatest common divisor of 12834736 and 920?
184
What is the highest common factor of 21 and 6984649?
7
What is the greatest common divisor of 23267 and 6?
1
What is the greatest common divisor of 723980 and 2120?
1060
What is the highest common factor of 31363 and 476003?
397
Calculate the greatest common factor of 7665553 and 4317.
1439
Calculate the highest common factor of 795520 and 31460.
220
What is the highest common divisor of 47694 and 990?
6
Calculate the greatest common factor of 12520134 and 23199.
1221
What is the highest common factor of 43298166 and 6315?
1263
What is the highest common divisor of 1092 and 98935928?
364
What is the highest common divisor of 66254 and 861616?
314
Calculate the greatest common factor of 68427372 and 676.
52
What is the highest common factor of 1239768 and 2211228?
9252
What is the greatest common factor of 5 and 7104595?
5
Calculate the highest common factor of 7256 and 485976.
8
What is the greatest common factor of 93942 and 3707946?
5526
What is the greatest common factor of 88 and 19093283?
11
Calculate the highest common factor of 277446 and 156.
78
What is the highest common factor of 32443788 and 312?
156
What is the highest common divisor of 100561 and 83309?
227
What is the greatest common divisor of 77785388 and 41096?
1868
What is the greatest common factor of 123949841 and 635?
127
What is the greatest common divisor of 6146 and 233034809?
3073
What is the highest common factor of 115019002 and 202?
202
What is the greatest common factor of 477 and 866391?
159
Calculate the greatest common factor of 2064 and 30218852.
172
What is the greatest common factor of 255012 and 10491?
807
Calculate the highest common divisor of 15102518 and 2.
2
Calculate the highest common factor of 262 and 352849286.
262
Calculate the greatest common factor of 1649765 and 7072.
221
What is the greatest common factor of 403960 and 4670?
10
What is the greatest common divisor of 121130054 and 76?
38
Calculate the greatest common factor of 43876864 and 409088.
8704
Calculate the greatest common divisor of 722 and 331667306.
722
Calculate the greatest common factor of 55080 and 215288.
136
Calculate the highest common factor of 9526 and 43406.
22
What is the highest common divisor of 1924204959 and 201?
201
What is the greatest common divisor of 822726 and 5490?
18
What is the greatest common factor of 212831 and 349766?
179
Calculate the highest common factor of 2937 and 7096860.
267
Calculate the highest common factor of 1211136 and 77862.
114
What is the highest common divisor of 38 and 28047154?
38
Calculate the greatest common factor of 2511 and 2166183.
81
What is the greatest common factor of 678975 and 27050?
25
Calculate the highest common factor of 2582798 and 12702.
58
Calculate the greatest common factor of 157898092 and 11.
11
Calculate the greatest common divisor of 10750 and 15000550.
2150
What is the highest common factor of 410324 and 323?
19
What is the greatest common divisor of 5920 and 73849632?
1184
Calculate the highest common factor of 2800086 and 1554.
222
Calculate the highest common divisor of 1 and 1593271.
1
What is the highest common divisor of 18671464 and 280?
56
What is the highest common factor of 3920 and 110824?
56
What is the highest common divisor of 6052 and 538539?
89
Calculate the highest common factor of 1311 and 248883.
69
What is the highest common factor of 716877 and 117558?
189
What is the highest common factor of 16200 and 182760975?
675
What is the highest common factor of 367004025 and 18?
9
Calculate the highest common divisor of 126 and 1033429446.
126
What is the greatest common factor of 5172062 and 4150?
166
What is the highest common factor of 899198 and 239666?
1802
What is the highest common divisor of 22947988 and 5621?
511
What is the greatest common divisor of 38940469 and 137?
137
Calculate the highest common divisor of 149058 and 156163.
49
What is the greatest common divisor of 220 and 66192764?
44
Calculate the highest common factor of 1056 and 5793744.
528
What is the greatest common divisor of 35 and 21183785?
35
Calculate the highest common divisor of 2394123 and 6289.
331
What is the highest common factor of 190035 and 468835?
205
What is the highest common factor of 4845 and 88907365?
1615
What is the greatest common divisor of 10 and 29623100?
10
What is the highest common factor of 9315482 and 22?
22
Calculate the greatest common factor of 5992 and 25817816.
856
What is the greatest common factor of 2954